e the remainder when x(6) is divided by z.
9
Suppose -4 = -d - 5. What is the remainder when -2*(d/(-6) + 80/(-3)) is divided by 21?
11
Let n = -209 - -323. Let d = 201 - n. Calculate the remainder when d is divided by 22.
21
Let c(m) = m + 1. Let o be c(2). Suppose -2*w = -21 + o. Calculate the remainder when (12/15)/((-12)/(-510)) is divided by w.
7
Let n = 15 + -2. What is the remainder when 16 is divided by (n + 0)/1 + -3?
6
Suppose 33*u = 8643 + 18318. What is the remainder when u is divided by 20?
17
Let f(u) = 2*u - 1. Let o be f(4). Let h(x) = x + 1. Suppose 0 = 5*q - 5*n - 155, 5*q - 2*n - 148 = -4*n. Calculate the remainder when q is divided by h(o).
6
Calculate the remainder when (-90)/(-27)*108/5 is divided by 5.
2
Suppose -4*g - r = 407, 0 = 2*g + 6*r - 3*r + 201. What is the remainder when g/(-1) + 16 + -14 is divided by 21?
20
Suppose 8*d - 1343 + 431 = 0. Suppose 45*x - 42*x = 90. What is the remainder when d is divided by x?
24
Suppose -110 + 8 = -6*r. Calculate the remainder when (3 - (-148)/(-8))*-2 is divided by r.
14
Let b(j) = j + 3. Suppose -5*d = -3*d - 4. Calculate the remainder when b(0) is divided by d.
1
Let n(x) = -4*x + 17. Suppose 0 = z - 2*z + 2*f - 11, z - 5*f + 14 = 0. Suppose -2*i + i = -14. What is the remainder when n(z) is divided by i?
11
Calculate the remainder when 155 is divided by (7 - (4 + 10))*-5.
15
Let c = -8 - -13. Let p = c - -23. Let l = p + 15. Calculate the remainder when l is divided by 11.
10
Suppose 2*q = -6*t + 3*t + 73, 5*q = 25. Let s = -662 - -674. What is the remainder when t is divided by s?
9
Suppose -3*t - 2 = s, -t - 4*s - 8 = 11. Calculate the remainder when (t - 4)*16/(-3) is divided by 10.
6
Suppose -2*v + 1 = 29. Let u = -14 - v. Let r = u - -20. What is the remainder when 77 is divided by r?
17
Suppose 0 = f, 0 = 3*l - 4*f - 3. Calculate the remainder when ((-111)/(-12))/((-4)/(-16)) is divided by 1 + l + 18 + 0.
17
Let r = 6 + -12. Let y = r - -44. Suppose -4*m + 47 = -j, -95*m + j + 8 = -94*m. What is the remainder when y is divided by m?
12
Let r = -135 - -290. Let z = -142 + r. What is the remainder when 2/(-3) + 155/3 is divided by z?
12
Suppose 0*h - 2*h = -8. Suppose -h = -b - b - 4*d, -4*d = 4*b - 8. Suppose b*o = 4*o - 2. Calculate the remainder when o is divided by 1.
0
Let h = 43 - 46. What is the remainder when 110/h*84/(-35) is divided by 45?
43
Calculate the remainder when 12/(-9) - 0 - 55140/(-180) is divided by 17.
16
Let u = 46 + 4. Let x = u + -37. Calculate the remainder when 51 is divided by x.
12
Let i(v) = -8*v + 136. What is the remainder when 200 is divided by i(11)?
8
What is the remainder when (-466)/(-10) - 27/45 is divided by 6/(-21) - 340/(-14)?
22
Let q = -8 + 0. Let t be 2 + 0 + 6 + q. Suppose -4*g + 5*x + 130 = -g, t = 4*g + 4*x - 120. Calculate the remainder when g is divided by 9.
8
Let g = -5 - -8. Suppose g*x + 6 = 42. Calculate the remainder when -92*((-132)/24 - -5) is divided by x.
10
Let a(f) be the second derivative of 10*f**3/3 + 2*f**2 - 10*f. Let o be a(4). Suppose 6*w = 8*w - o. What is the remainder when w is divided by 15?
12
Suppose 0 = 5*w + 5*r - 85, 0 = r + 1 - 2. What is the remainder when -7 + (92 + -13 - (-4 - -1)) is divided by w?
11
Let i(l) = -l**2 + 11*l - 8. Let g be i(9). Let s be (-3 + 2)/(2/g). Let w(d) = -3*d - 9. Calculate the remainder when w(s) is divided by 2.
0
Suppose 216 = 521*u - 517*u. What is the remainder when 110 is divided by u?
2
What is the remainder when 1918/21*15/10 is divided by 61?
15
Calculate the remainder when (-9 - (-20)/5) + 57 is divided by 29.
23
Let a be (-3 + 2 - -3)/2. Let f(p) = 9*p**3 - p**2. Calculate the remainder when (-112)/42 + (-154)/(-6) is divided by f(a).
7
Let z = 1558 + -1526. What is the remainder when 158 is divided by z?
30
Let y = 1388 - 1310. What is the remainder when 153 is divided by y?
75
Suppose 9*r = 4*r + 3*v + 49, 2*r - 2*v - 22 = 0. Calculate the remainder when 654 is divided by r.
6
Let c(g) = 2*g**2 + 10*g - 15. Calculate the remainder when 140 is divided by c(2).
10
Let c(n) = n**3 + 4*n**2 - 12*n + 2. Calculate the remainder when 959 is divided by c(-5).
34
Suppose 3*k + 13 = 5*k - 3*i, 5*k + i - 24 = 0. What is the remainder when -4 + 2 + 2 + 18 is divided by k?
3
Let a be (2 - -19) + (-2 - -2). Suppose -3*m = 14 - 5, 0 = y + 2*m - a. Calculate the remainder when 52 is divided by y.
25
Suppose -4*z - 5*a + 3 = 10, 5*a = -3*z - 9. Suppose -2*l = z*t - 80, l = t - 0*l - 40. Calculate the remainder when t is divided by 11.
7
Let b = -964 + 1124. What is the remainder when 2557 is divided by b?
157
Let x(t) = 2*t - 280. Let l(r) = r - 140. Let f(k) = 13*l(k) - 6*x(k). Let w be f(0). Calculate the remainder when 8/(8/w*-5) is divided by 10.
8
Suppose -40 - 63 = -4*f - 3*m, 3*f - 4*m - 71 = 0. Calculate the remainder when 91 is divided by f.
16
Suppose -78*x + 14988 = 3366. What is the remainder when 744 is divided by x?
148
Suppose 3*x + 22*q - 21*q = 247, 3*x - 4*q - 242 = 0. What is the remainder when x is divided by 4?
2
Let s(i) = 5*i**2 + i + 7. What is the remainder when 13 is divided by s(0)?
6
Let q = 1 - -15. Suppose q = o - 2. Calculate the remainder when o is divided by 8 + (-30)/6 - -7 - 0.
8
Let f = -557 - -573. Calculate the remainder when 190 is divided by f.
14
Suppose 5*v = 3 + 12. Suppose -2*d = -5*s + 2*s - 179, -178 = v*s - d. Let f = s - -83. Calculate the remainder when 71 is divided by f.
23
Let s = -89 - -148. Let f = 85 - s. Calculate the remainder when f is divided by 10.
6
Suppose 16 = p - 3*w, 6*p = 3*p + 3*w + 78. Let v = p + -11. Calculate the remainder when 96 is divided by v.
16
Suppose n = -f - 1206, 5*f - 2*n + 1203 = 4*f. Calculate the remainder when 0 - 3/18 - f/30 is divided by 23.
17
Let v be 6/36 + (-215)/(-6). Let h = 63 - v. Calculate the remainder when h is divided by 15.
12
Suppose m = i - 3*i + 4, -2*i = 0. Calculate the remainder when 64 is divided by -4 + (104/m)/1.
20
Let w(u) = -u**3 - 8*u**2 - 5*u - 9. Suppose -4*x - 40 = 3*n - 4*n, 3*n = 2*x + 120. What is the remainder when w(-9) is divided by n?
37
Calculate the remainder when -4 + (112 - (-4 + 2)) is divided by 32.
14
Suppose 3*b - 40 = -2*b. Calculate the remainder when b is divided by 9 - (-4 + 15) - -5.
2
Let c(b) = -b**2 - 18*b + 498. Calculate the remainder when 381 is divided by c(15).
0
Suppose 26 - 91 = -5*v. Let h = v - 7. Let f = 17 - h. What is the remainder when 30 is divided by f?
8
Let v(i) = -i. Let z(o) = 19*o + 25. Let p(x) = -4*v(x) - z(x). What is the remainder when p(-8) is divided by 32?
31
Let t = 17486 + -17431. Suppose f - 47 = -2*s - s, -5*s - 2*f = -80. Calculate the remainder when t is divided by s.
13
Let m(x) = -34*x**2 - 1. Let u be m(-1). Let l = 55 + u. Calculate the remainder when l is divided by -5 + 1 + (16 - (0 + 5)).
6
Let q(p) = -3*p - 20. Let o be q(-15). Suppose 2*a - a = o. Let m = 64 - a. Calculate the remainder when m is divided by 14.
11
Suppose 3*x + 33 = -2*i + 5*i, -3*i = -5*x - 23. Calculate the remainder when 55 is divided by i.
7
Let o = -20 + 16. Let z be (-4)/o*(1 - 19). Calculate the remainder when (12/z)/((-4)/186) is divided by 17.
14
Let s(v) be the third derivative of v**6/120 + 2*v**5/15 + v**4/6 + 2*v**3/3 - 10*v**2. Calculate the remainder when s(-6) is divided by 18.
16
Suppose -146*r - 5 = -141*r. Let i(g) = -10*g**3 + 2*g**2 + g. Calculate the remainder when 76 is divided by i(r).
10
Suppose -41 = -7*y + 659. Calculate the remainder when y is divided by 3.
1
Let a = -290 + 426. What is the remainder when a is divided by 44?
4
Let x(f) be the second derivative of 1/2*f**3 + 0 - f - 2*f**2. What is the remainder when x(7) is divided by 10?
7
Let t be (-14)/35 - 12/(-5). Calculate the remainder when 278 is divided by (t - 4/(-10))/(6/100).
38
What is the remainder when 22 is divided by 16/8*(-16)/(-4)?
6
Suppose 0 = o - 21*n + 16*n - 489, o - 496 = -2*n. Calculate the remainder when o is divided by 31.
29
Suppose 0 = u + 2 - 4. Let t be 4/(-1) + -2 - u. Let d = 21 + t. Calculate the remainder when 36 is divided by d.
10
Suppose 25*k = 21*k - 2*h + 170, 0 = -4*k - 3*h + 165. What is the remainder when 318 is divided by k?
3
Let k(h) = -h**3 + 26*h**2 + 31*h - 81. Suppose 0 = 2*o - o - 10. Calc